**2 - 15*r + 32. What is the units digit of o(-12)?
4
Let a(d) = -43*d**3 - 2*d**2 - 2*d - 1. What is the tens digit of a(-1)?
4
Suppose -2*p + 23 = -25. Suppose 35 = m - p. What is the units digit of m?
9
Let q(m) = -5*m**3 + 6*m**2 + 5*m + 1. Let c be q(-4). Suppose 4*v - c = 519. Suppose 5*p = -3*i + 189, p = 3*i + i - v. What is the tens digit of i?
5
Let q(r) = -14*r + 230. What is the units digit of q(-11)?
4
Suppose 848 = -5*h - 4*n, 2*h + 3*n = -2*h - 678. What is the units digit of 28/h - -973*(-2)/(-12)?
2
Let q(w) = 9*w - 6*w - 4*w. Let h = 18 + -32. What is the units digit of q(h)?
4
Suppose -3*x - 22 + 7 = 0. What is the tens digit of (19/x + 3)*(-290)/4?
5
Let d(y) = -5*y - 18. Let c be d(-9). Suppose -2*w + 5*o + 31 = 0, 4*w - 4*o + c - 83 = 0. What is the units digit of w?
3
Suppose 29*p = -14*p + 63898. What is the units digit of p?
6
Suppose -17*p + 5300 = 1101. What is the hundreds digit of p?
2
Let h(k) = 9*k**3 + 2*k**2 - 15*k - 12. What is the thousands digit of h(7)?
3
Let l(i) = 2*i**2 + 31*i - 4. Let q be l(-21). Let k = -132 + q. What is the tens digit of k?
9
Let c = -4 + 7. Suppose 0 = 3*u + 5*r + 14, c*r = -u + 4*r + 6. Suppose q + 130 = 4*o, q + 34 = u*o - 30. What is the tens digit of o?
3
Suppose -148 = -5*w + 3*r + 119, w + 3*r = 39. Suppose w = x - 0*x. What is the units digit of x?
1
Let y = -187 + 680. Suppose -7*z = -3*h - 4*z + 513, 0 = 3*h + 2*z - y. What is the tens digit of h?
6
What is the units digit of (-10)/(80/(-3)) - (-573)/8?
2
Let o(j) = 5*j - 9. Let w = 65 + -62. What is the units digit of o(w)?
6
Let w be -22 + 2 + 2 + 3. Let t be ((-3)/(-5))/((-3)/w). Suppose l - 69 = -t*r + 29, -37 = -r + 4*l. What is the tens digit of r?
3
Suppose -5*a - 16 = 24. Let n(x) = -12*x - 16. What is the tens digit of n(a)?
8
Let y(k) = -8*k - 23 + 13*k + 11*k - k**3 - 19 - 21*k**2. What is the units digit of y(-22)?
0
Let a(h) = h**3 - 8*h**2 + 5*h + 5. Let d be a(7). Let o be 0*3/d + 9. What is the units digit of 8 + 0*3/o?
8
Suppose 4*m = -m - 1010. Let f = -135 - m. What is the tens digit of f?
6
Let r(q) = -q**2 + q + 62. Let l be r(0). Suppose 7*f = l + 50. Suppose -d = -f - 24. What is the tens digit of d?
4
What is the units digit of 200496/120 - (3 + (-11)/5)?
0
Suppose -7810 = -5*y - 5*p, 20*p - 25*p - 3110 = -2*y. What is the units digit of y?
0
Let s = -4 + 2. Let f(v) = 9*v**3 - 7*v**2 - 9*v - 5. Let w(x) = 5*x**3 - 3*x**2 - 4*x - 2. Let k(g) = 2*f(g) - 5*w(g). What is the tens digit of k(s)?
5
Suppose 0 = -10*h + 3756 + 29394. What is the thousands digit of h?
3
Let v = 3954 - 2536. What is the units digit of v?
8
Let q(u) = 7*u - 5. Let x be q(13). Suppose -x = -0*d - d. Suppose 3*v = -h + 46, -2*h - 3*v + d = -15. What is the units digit of h?
5
Let u(m) = 65*m. Let c(r) = -33*r. Let a(v) = -7*c(v) - 4*u(v). What is the units digit of a(-3)?
7
Let o(u) = -u**2 - 19*u - 5. Let y be -12 + -2*(-2)/(-2). What is the tens digit of o(y)?
6
Suppose 85*y - 271128 = 41*y. What is the tens digit of y?
6
What is the units digit of ((2 - -1) + -29)/(6/(-303))?
3
Suppose 4*q - 5 = 3. Suppose 5*l = -15, -355 = -5*i - q*l + 44. What is the tens digit of i?
8
Let r = 1265 + -676. What is the tens digit of r?
8
Suppose 0 = -b - 4, -5*b + 310 = 2*t + t. Suppose 0 = s - 3*s + t. What is the tens digit of s?
5
Suppose 1910 = 5*w - 5*c, 4*c + 248 + 134 = w. What is the hundreds digit of w?
3
Let b(c) = -12*c + 21. Let k(p) = -13*p + 21. Let h(j) = -7*b(j) + 6*k(j). Let o be (-19)/(-2) - (-2)/4. What is the tens digit of h(o)?
3
Suppose -5 = 5*d + 10. Let i = d + 4. Suppose g - 4*u = 13, 4*u = -g + 4 + i. What is the units digit of g?
9
Let p(x) = -x**3 + 13*x**2 - 12*x - 4. Let g be p(12). Let o be g - 1 - (-39)/13. Let d = 13 + o. What is the units digit of d?
1
Suppose -920 + 14610 = 10*i. What is the hundreds digit of i?
3
Let c be ((-2)/5)/((-6)/5580). Suppose -z + 110 = -4*y, 0 = -0*z - 4*z - y + c. What is the tens digit of z?
9
What is the hundreds digit of ((-67662)/(-54))/(3/(-6)*-1)?
5
Suppose 0 = 5*l - 2*o - 3083, 4*l + 2*o - 2467 = 3*o. What is the units digit of l?
7
Let s(u) = u**2 + 10*u + 5. Let j be s(-11). Suppose -j*q + 18*q = 74. What is the units digit of q?
7
Suppose r + q - 527 = 4*q, 4*r = -3*q + 2123. What is the units digit of r?
0
Suppose 144*r = 145*r - 354. What is the hundreds digit of r?
3
Suppose 2*n - 5*z = 28, -5*z = 3*n - 10 - 7. Suppose 0 = 7*g - n*g + 8. Suppose 27 + 33 = o + g*q, -5*o + 232 = 3*q. What is the units digit of o?
4
Let i be (-18)/(-4) - 3/(-6). Suppose i*z + 15 = 0, -5*m + 4*z + 36 + 966 = 0. What is the hundreds digit of m?
1
Let h(t) be the third derivative of 7*t**5/12 - t**4/8 - t**3/2 + 9*t**2. What is the units digit of h(-1)?
5
Suppose -17*y + 2859 = -29526. What is the hundreds digit of y?
9
Let v(w) = 169*w**2 - 7*w + 12. Let g be v(3). Suppose 18*z = 24*z - g. What is the hundreds digit of z?
2
Suppose 3*p - 27 = 2*c, -3 - 4 = -3*c - 5*p. Let f be -5 - c/3 - -4. What is the units digit of 15 + f/(-1)*-4?
9
Let y = 424 + -153. Suppose 102 = 5*v - 4*v - 4*s, 3*v - 5*s - y = 0. What is the tens digit of v?
8
Suppose -7*i = -3*j - 12*i + 229, 344 = 4*j - 3*i. What is the units digit of j?
3
Suppose 0 = 2*n - 3*g - 83, 0 = 2*n - g - 26 - 63. Suppose -s = -q + 9, -6*s + n = 2*q - s. Suppose -26 = -3*o + q. What is the units digit of o?
3
Let k = 535 + -3. What is the units digit of k?
2
Let x be -4 + (-2 - 8*-6). Let r = 239 + -107. Suppose x = -5*p + r. What is the tens digit of p?
1
Let q be ((-3)/(-2))/(6/8). Let g(t) be the second derivative of 9*t**3/2 + t**2 + 70*t. What is the tens digit of g(q)?
5
Suppose -a + j = 3*a + 585, 3*j = 4*a + 595. Suppose -b + 285 = -3*c, 4*c + 3*b = -144 - 236. Let n = c - a. What is the tens digit of n?
5
Let v(r) = r**3 + 13*r**2 - 2*r - 32. Let l(y) = 2*y**3 + 26*y**2 - 3*y - 64. Let t(k) = -4*l(k) + 7*v(k). What is the units digit of t(-14)?
6
Let s(g) = 4*g + 41. Let q be s(-8). Suppose -2*z + 5*z + q = 0, 965 = 5*c + 5*z. What is the hundreds digit of c?
1
Let k(x) = 1. Let h(d) = 4*d - 7. Let q(f) = 2*h(f) + 18*k(f). What is the tens digit of q(9)?
7
What is the hundreds digit of (-3 - (-92)/6)/((-5)/(-330))?
8
Suppose p = -0*p. Let n = -1 - p. What is the tens digit of (120/6)/(n - -3)?
1
Let m(j) be the third derivative of -j**5/60 + 11*j**4/24 - 2*j**3/3 - j**2. Let d = -32 - -40. What is the units digit of m(d)?
0
Let r = 218 - -33. What is the tens digit of r?
5
Suppose -3*t - 12 = -r - 0*r, -3*r + 5*t + 40 = 0. Let z(b) = -93*b - 9. Let q be z(-6). What is the tens digit of q/15 + (-9)/r?
3
Suppose -6*z + 463 = -341. Let p = z + -74. Suppose 3*v = -v + p. What is the units digit of v?
5
Let q(t) = 23*t + 38. What is the tens digit of q(26)?
3
Let a(k) = -12*k - 1. Let x be a(-1). Suppose 5*y - 41 = -x. What is the units digit of (-1 - 3)/((-3)/y)?
8
What is the units digit of -7 + 2 + (6 - 5 - -251)?
7
Let o(q) be the first derivative of -7*q**2/2 - q - 4. Let r be o(-1). Let d = r + -3. What is the units digit of d?
3
Suppose o - 1640 = -4*x + 2*o, 3*o + 1221 = 3*x. Suppose -5*f + x = -b, f - 2*b - 75 = -0*b. What is the tens digit of f?
8
Let q(s) = 177*s - 81. What is the tens digit of q(4)?
2
Let u(x) be the second derivative of 5*x**4/12 + 4*x**3/3 + 3*x**2/2 + 2*x. What is the units digit of u(-4)?
1
What is the tens digit of 4/(-1) + (12 - -4258)/7?
0
Suppose -2*a - 27 - 7 = 0. Let w = 162 - a. What is the hundreds digit of w?
1
Let v(s) = -76*s + 344. What is the units digit of v(-20)?
4
Let z = 261 - 165. Let p be (-2)/((-291)/z + 3). Suppose w + 3*w = p. What is the tens digit of w?
1
Let v be 60/(-70)*(-1 + -6). Let b(y) = -y**2 + 9*y - 13. Let a be b(v). What is the tens digit of (-2)/(-4)*(a + 23)?
1
Suppose -98 - 270 = -4*f + 2*o, 2*f - 184 = 2*o. Suppose 4*a - f = 3*d, 2*d = 6*d - 16. Suppose y + 0*y = a. What is the units digit of y?
6
Let s(f) be the third derivative of -f**6/120 + 4*f**5/15 + 7*f**4/8 - 6*f**3 - 15*f**2. What is the tens digit of s(17)?
3
Let j = -1400 - -4050. What is the thousands digit of j?
2
Let x = 604 - 430. What is the units digit of x?
4
Suppose -3*u = -c - 2, -2*c - 3 - 1 = u. Let f = 15 - -3. Suppose v = -u*v + f. What is the units digit of v?
8
Let o(b) = -b**3 - 